{"id":2,"date":"2020-12-17T12:57:19","date_gmt":"2020-12-17T12:57:19","guid":{"rendered":"http:\/\/192.168.21.79\/carocomp\/?page_id=2"},"modified":"2021-01-06T07:56:32","modified_gmt":"2021-01-06T07:56:32","slug":"sample-page","status":"publish","type":"page","link":"http:\/\/www.carocomp.ro\/carocomp\/sample-page\/","title":{"rendered":"Parteneri"},"content":{"rendered":"\n<div class=\"wp-block-columns is-layout-flex wp-container-core-columns-is-layout-9d6595d7 wp-block-columns-is-layout-flex\">\n<div class=\"wp-block-column is-layout-flow wp-block-column-is-layout-flow\" style=\"flex-basis:100%\">\n<figure class=\"wp-block-image size-large is-resized\"><img loading=\"lazy\" decoding=\"async\" src=\"http:\/\/www.carocomp.ro\/carocomp\/wp-content\/uploads\/2021\/01\/1200px-HP_logo_2012.svg_.png\" alt=\"\" class=\"wp-image-115\" width=\"136\" height=\"136\"\/><\/figure>\n<\/div>\n<\/div>\n\n\n\n<p><strong>Hewlett Packard<\/strong><em> <\/em>Unul din cei mai mari produc\u0103tori de Tehnologie, Calculatoare, Servere profesionale, Imprimante, Periferice, Imaging.<\/p>\n\n\n\n<figure class=\"wp-block-image size-large is-resized\"><img loading=\"lazy\" decoding=\"async\" src=\"http:\/\/www.carocomp.ro\/carocomp\/wp-content\/uploads\/2021\/01\/1200px-Cisco_logo_blue_2016.svg_.png\" alt=\"\" class=\"wp-image-114\" width=\"167\" height=\"88\"\/><\/figure>\n\n\n\n<p><strong>Cisco Systems<\/strong> Cel mai mare produc\u0103tor de produse de re\u021bea.<\/p>\n\n\n\n<figure class=\"wp-block-image size-large is-resized\"><img loading=\"lazy\" decoding=\"async\" src=\"http:\/\/www.carocomp.ro\/carocomp\/wp-content\/uploads\/2021\/01\/Dell_logo_2016.svg_.png\" alt=\"\" class=\"wp-image-116\" width=\"141\" height=\"141\"\/><\/figure>\n\n\n\n<p><strong>DELL<\/strong> Servere, Storage, Systems<\/p>\n\n\n\n<figure class=\"wp-block-image size-large is-resized\"><img loading=\"lazy\" decoding=\"async\" src=\"http:\/\/www.carocomp.ro\/carocomp\/wp-content\/uploads\/2021\/01\/1200px-Oki_logo.svg_.png\" alt=\"\" class=\"wp-image-126\" width=\"291\" height=\"81\"\/><\/figure>\n\n\n\n<p><strong>OKI Data<\/strong> Imprimante \u0219i multifunc\u021bionale bazate pe tehnologia &#8220;LED&#8221; (Echivalent\u0103 cu tehnologia laser, dar mai fiabil\u0103).<\/p>\n\n\n\n<figure class=\"wp-block-image size-large is-resized\"><img loading=\"lazy\" decoding=\"async\" src=\"http:\/\/www.carocomp.ro\/carocomp\/wp-content\/uploads\/2021\/01\/images.png\" alt=\"\" class=\"wp-image-129\" width=\"284\" height=\"94\"\/><\/figure>\n\n\n\n<p><strong>Lenovo<\/strong> Servere, Sisteme \u0219i Notebook.<\/p>\n\n\n\n<figure class=\"wp-block-image size-large is-resized\"><img loading=\"lazy\" decoding=\"async\" src=\"http:\/\/www.carocomp.ro\/carocomp\/wp-content\/uploads\/2021\/01\/1200px-Intel_logo_2006.svg_.png\" alt=\"\" class=\"wp-image-125\" width=\"164\" height=\"108\"\/><\/figure>\n\n\n\n<p><strong>INTEL<\/strong> Cercetator, Producator de tehnologie de procesare a datelor.<\/p>\n\n\n\n<figure class=\"wp-block-image size-large is-resized\"><img loading=\"lazy\" decoding=\"async\" src=\"http:\/\/www.carocomp.ro\/carocomp\/wp-content\/uploads\/2021\/01\/1200px-ESET_logo.svg_.png\" alt=\"\" class=\"wp-image-124\" width=\"160\" height=\"63\"\/><\/figure>\n\n\n\n<p><strong>Eset<\/strong> Solu\u021bii complete de securitate a datelor.<\/p>\n\n\n\n<figure class=\"wp-block-image size-large is-resized\"><img loading=\"lazy\" decoding=\"async\" src=\"http:\/\/www.carocomp.ro\/carocomp\/wp-content\/uploads\/2021\/01\/download.png\" alt=\"\" class=\"wp-image-128\" width=\"233\" height=\"47\"\/><\/figure>\n\n\n\n<p><strong>Xerox<\/strong> Document management.<\/p>\n\n\n\n<figure class=\"wp-block-image size-large is-resized\"><img loading=\"lazy\" decoding=\"async\" src=\"http:\/\/www.carocomp.ro\/carocomp\/wp-content\/uploads\/2021\/01\/acastro_180507_1777_microsoft_0001.0.jpg\" alt=\"\" class=\"wp-image-127\" width=\"221\" height=\"147\"\/><\/figure>\n\n\n\n<p><strong>Microsoft<\/strong> Solu\u021bii Software (Sisteme de operare, Servere,Aplica\u021bii) \u0219i Hardware.<\/p>\n\n\n\n<figure class=\"wp-block-image size-large is-resized\"><img loading=\"lazy\" decoding=\"async\" src=\"http:\/\/www.carocomp.ro\/carocomp\/wp-content\/uploads\/2021\/01\/IBM_logo.png\" alt=\"\" class=\"wp-image-144\" width=\"150\" height=\"60\"\/><\/figure>\n\n\n\n<p><strong>IBM<\/strong> Unul din marii produc\u0103tori de Servere, Software, Solutii!<\/p>\n\n\n\n<figure class=\"wp-block-image size-large is-resized\"><img loading=\"lazy\" decoding=\"async\" src=\"http:\/\/www.carocomp.ro\/carocomp\/wp-content\/uploads\/2021\/01\/TPLINK_Logo_2.png\" alt=\"\" class=\"wp-image-145\" width=\"237\" height=\"115\"\/><\/figure>\n\n\n\n<p><strong>TP-LINK<\/strong> Solu\u021bii de re\u021belistic\u0103 de \u00eenalt\u0103 calitate.<\/p>\n\n\n\n<p><\/p>\n","protected":false},"excerpt":{"rendered":"<p>Hewlett Packard Unul din cei mai mari produc\u0103tori de Tehnologie, Calculatoare, Servere profesionale, Imprimante, Periferice, Imaging. Cisco Systems Cel mai mare produc\u0103tor de produse de re\u021bea. DELL Servere, Storage, Systems&hellip;<a href=\"http:\/\/www.carocomp.ro\/carocomp\/sample-page\/\" class=\"more-link\"><span class=\"more-button\">Continue reading<span class=\"screen-reader-text\">Parteneri<\/span><\/span><\/a><\/p>\n","protected":false},"author":1,"featured_media":194,"parent":0,"menu_order":0,"comment_status":"closed","ping_status":"open","template":"","meta":{"_monsterinsights_skip_tracking":false,"_monsterinsights_sitenote_active":false,"_monsterinsights_sitenote_note":"","_monsterinsights_sitenote_category":0,"footnotes":""},"class_list":["post-2","page","type-page","status-publish","has-post-thumbnail","hentry"],"_links":{"self":[{"href":"http:\/\/www.carocomp.ro\/carocomp\/wp-json\/wp\/v2\/pages\/2","targetHints":{"allow":["GET"]}}],"collection":[{"href":"http:\/\/www.carocomp.ro\/carocomp\/wp-json\/wp\/v2\/pages"}],"about":[{"href":"http:\/\/www.carocomp.ro\/carocomp\/wp-json\/wp\/v2\/types\/page"}],"author":[{"embeddable":true,"href":"http:\/\/www.carocomp.ro\/carocomp\/wp-json\/wp\/v2\/users\/1"}],"replies":[{"embeddable":true,"href":"http:\/\/www.carocomp.ro\/carocomp\/wp-json\/wp\/v2\/comments?post=2"}],"version-history":[{"count":18,"href":"http:\/\/www.carocomp.ro\/carocomp\/wp-json\/wp\/v2\/pages\/2\/revisions"}],"predecessor-version":[{"id":181,"href":"http:\/\/www.carocomp.ro\/carocomp\/wp-json\/wp\/v2\/pages\/2\/revisions\/181"}],"wp:featuredmedia":[{"embeddable":true,"href":"http:\/\/www.carocomp.ro\/carocomp\/wp-json\/wp\/v2\/media\/194"}],"wp:attachment":[{"href":"http:\/\/www.carocomp.ro\/carocomp\/wp-json\/wp\/v2\/media?parent=2"}],"curies":[{"name":"wp","href":"https:\/\/api.w.org\/{rel}","templated":true}]}}